ime factors of v.
61
Suppose 0 = -3*w - 5*r + 4741, -50*w + 7887 = -45*w + r. List the prime factors of w.
19, 83
Let x = -17 - -35. Suppose 3*y + x = y. Let o = 2 - y. List the prime factors of o.
11
Let k = -183 + 1542. What are the prime factors of k?
3, 151
Let d(s) = 3 - 17*s + 3 - 12*s - 3. List the prime factors of d(-5).
2, 37
Let l be 10/(-15) + ((-86)/(-3) - 3). Let x(w) = w**3 - 24*w**2 - 26*w + 38. What are the prime factors of x(l)?
13
Suppose -2*d - 2 = -0*d. Let i(x) be the third derivative of 11*x**5/20 + x**3/6 - 222*x**2. What are the prime factors of i(d)?
2, 17
Let w be -9*(-8)/12 + 1. Let o = -2 - w. Let b = o - -22. What are the prime factors of b?
13
Suppose 17 = 6*f - 1. Suppose 49 = f*y - 2*y. What are the prime factors of y?
7
Let j(i) = 0*i - 2 - 6 - 2 + 2*i. Let w be j(6). Suppose 4*u = 2*x - 7*x + 8, -3*x - 26 = -w*u. List the prime factors of u.
7
Let w(u) = u**2 + 7*u - 8. Let q be w(-8). Suppose 3*i + i + 72 = q. List the prime factors of (-9 - -21)*i/(-8).
3
Let u(v) = 6*v - 1. Let b be u(2). Suppose 3 = j - 0*j, 3*j = 5*i - b. List the prime factors of (1 + -3)*(-46)/i.
23
Let v = -315 + 1025. What are the prime factors of v?
2, 5, 71
Let c = -4 - -73. Suppose -2*u + c = 9. What are the prime factors of u?
2, 3, 5
Suppose -5*p + 39 = 3*b - 7*b, 0 = 2*p + 5*b - 42. Let n(w) = 7*w - 8. Let c(l) = 36*l - 39. Let h(u) = -2*c(u) + 11*n(u). List the prime factors of h(p).
3, 5
Suppose 0 = -4*d - 0*d + m + 1829, 3*m - 1809 = -4*d. What are the prime factors of d?
2, 3, 19
Suppose 3*s - c - 12 - 41 = 0, 59 = 4*s + c. Suppose -2*y + 126 - s = 0. List the prime factors of y.
5, 11
Let l(k) = 2*k**2 + k - 4. Let m be l(-2). Let n(c) = 61*c**2 + 3*c - 3. What are the prime factors of n(m)?
13, 19
Let x(y) = -5*y**2 - 6. Let n(k) = -k**2 + k. Let w(m) = -6*n(m) + x(m). Let p be w(7). Let a(h) = 3*h**2 - h. List the prime factors of a(p).
2
Let q = 453 + 3109. What are the prime factors of q?
2, 13, 137
Suppose k + 2*b = -3*b + 405, 2*k - 850 = -2*b. Suppose 0 = -4*d + k + 114. List the prime factors of d.
2, 17
Suppose 8 = -v + 11. Suppose 15 = -x + 4*z, z = -v*x - z + 11. What are the prime factors of 0 + 18*x + 0?
2, 3
List the prime factors of (21462 + 8)/(-5)*2/(-4).
19, 113
What are the prime factors of 1 + 27*-3*(-160)/18?
7, 103
Suppose -3*c = 5*b - c - 4175, 4*c = -2*b + 1654. List the prime factors of b.
3, 31
List the prime factors of (9/12 - 1/4)*814.
11, 37
Let y(j) = -239*j - 21. What are the prime factors of y(-2)?
457
List the prime factors of -1*(-6)/63 - 197298/(-189).
2, 3, 29
Let p = 5 + 12. Let h = -12 + p. Suppose -2*s - 2*s + 146 = k, h*k = -4*s + 154. List the prime factors of s.
2, 3
List the prime factors of 4 - 0 - (-1380 + 0/(-2)).
2, 173
Let b(d) = -d**2 - 7*d - 6. Let u be b(-5). Let v(l) = 3*l + 0*l + 5*l. What are the prime factors of v(u)?
2
Let o = 1915 + -1009. Suppose 7*z - o + 94 = 0. What are the prime factors of z?
2, 29
Suppose 70 = -3*v + 205. Suppose -z = -v - 32. List the prime factors of z.
7, 11
What are the prime factors of (-2)/((-4)/1054 - 0)?
17, 31
Suppose 5*d - s + 55 = 0, 0 = -d + 2*s + 2*s - 11. Let t = d - -15. List the prime factors of (-1)/t + (-875)/(-28).
31
Let a(q) = q**2 + 25*q - 5. Let g be a(-14). Let u = -42 - g. List the prime factors of u.
3, 13
Let f(r) = 5*r. Let j be f(1). Suppose 2*b - 13 = -b - 4*q, -2*b = -q - j. Suppose b*v - 8 = 1. List the prime factors of v.
3
Suppose -8*v + 5*v = -21. Suppose 6 = -v*n + 650. List the prime factors of n.
2, 23
Let r be 6 + -8 + 4/2. Suppose 3*h = z - 217, 661 = 3*z - 4*h - r*h. List the prime factors of z.
223
Suppose 24 = 2*b - 14. Let y be 1 + 0 - 9*1. Let s = y + b. List the prime factors of s.
11
List the prime factors of -25*(-3 - (-345)/(-25)).
2, 3, 5, 7
Let k(r) = -16*r**2 - r + 4. Suppose 2*q = 7*q + 4*t + 10, q + 2 = -t. Let j be k(q). Let s = j + 85. List the prime factors of s.
3
Suppose a + 8 = -2. Let g be 4/8 + a/4. What are the prime factors of (3 - g)*(-3 - -8)?
5
Let z(k) = 10*k**2 - k + 4. Let u(c) = 20*c**2 - 2*c + 7. Let d(x) = -3*u(x) + 7*z(x). What are the prime factors of d(3)?
2, 47
Suppose 3*x + 2*x - 1020 = 0. Suppose -5*f + x = -f. What are the prime factors of f?
3, 17
Let k = 4423 + -3073. What are the prime factors of k?
2, 3, 5
What are the prime factors of (110 - -1176)/((-4)/(-6))?
3, 643
Let f(h) = h**3 + 10*h**2 + 14*h + 5. Let r be f(-8). Suppose -26*c + r*c + 85 = 0. What are the prime factors of c?
17
Suppose 2*p + 5 + 4 = i, 4*p = i - 17. Let d be (-32)/(-6) + p/12. Let s = d - -19. What are the prime factors of s?
2, 3
Let d be 4/(-2)*12/8. Let b be (6/9)/(2/d). List the prime factors of 1*129/(b + 4).
43
Suppose 7*r - 2402 = -190. List the prime factors of r.
2, 79
Let d(k) = -k**3 - 19*k**2 - 22*k - 30. List the prime factors of d(-18).
2, 3, 7
Suppose -46300 - 67252 = -47*f. What are the prime factors of f?
2, 151
Let w(j) = -j**2 - 25*j - 21. Let l(t) = t**3 - 4*t**2 - 4*t + 5. Let a be l(4). Let n be w(a). Let c = -92 + n. What are the prime factors of c?
41
List the prime factors of (2/(-1))/((300/(-9396))/25).
2, 3, 29
Let l(h) = -h - 9. Let v be l(-7). Let c = 4 - v. Suppose 25 = -5*s, 4*x - c*x - 5*s = -49. List the prime factors of x.
37
Let n(z) = -z**2 - 3*z + 1. Let c be n(-2). What are the prime factors of 0 + c + -3 + 153?
3, 17
Let c = -30 - -30. Suppose -88 = -c*q - q. List the prime factors of q.
2, 11
Let o be (-2 + 8/(-16))*32. Suppose m - 6*m - 625 = 0. Let x = o - m. What are the prime factors of x?
3, 5
Suppose 12*p = -3601 + 36169. List the prime factors of p.
2, 23, 59
Let y(n) = 7*n**3 - 17*n**2 - 28*n - 6. Let w(g) = 8*g**3 - 16*g**2 - 28*g - 5. Let k(q) = 6*w(q) - 7*y(q). What are the prime factors of k(24)?
2, 3
Let y(m) = m**2 + 9*m + 6. Let z be y(-8). Let x be z/(-6)*(-4 + 1). Let o = 20 - x. What are the prime factors of o?
3, 7
Let u(p) = 5*p + 1. Let a be (-429)/(-91) + (-4)/(-14). Let j be u(a). Let h = j - 11. What are the prime factors of h?
3, 5
Let p(k) = -581*k**3 + 7*k**2 + 10*k + 11. What are the prime factors of p(-2)?
13, 359
Let n be 4/6*(21 - 6). Suppose 4 + n = z. What are the prime factors of z?
2, 7
Let b be (1 - (-2)/4)*2. Suppose -5*l + b*l = -58. List the prime factors of l/2 - (-4)/8.
3, 5
Suppose 5*a - m + 12 = 31, -3*a + 29 = -5*m. Let q(f) = a*f + 0 - 10*f - 5 + 2. What are the prime factors of q(-5)?
2
Suppose -5 = -5*t + 5. Suppose -3*o = -t*q - 4*o + 2, 2*o - 4 = -3*q. Suppose q*u - 30 = -u. List the prime factors of u.
2, 3, 5
Let g be ((-36)/8)/((-2)/(-8)). Let j = 28 + g. List the prime factors of j.
2, 5
Let t(z) = -29*z + 448. What are the prime factors of t(-15)?
883
Suppose 0 = 8*t - 636 - 1868. List the prime factors of t.
313
Let o = -86 - -60. Let q = 53 + o. What are the prime factors of q?
3
Let f(a) = -a**2 - 50*a - 223. What are the prime factors of f(-37)?
2, 3, 43
Let v be (-12 - -3) + -2 + 1. Let a be (v/4)/5*0. List the prime factors of (-3)/6*-18 + a.
3
Let z(w) = -w. Let i(t) = -22 - 15 - t**2 + 2*t + 2*t**2 - 3*t. Let n(x) = -i(x) - z(x). List the prime factors of n(0).
37
Suppose -k = -5*t - 18, -k - 6 = 3*t + 8. Let d(f) = 41*f**2 + 2. What are the prime factors of d(k)?
2, 83
Let x(a) = a**2 - 7*a - 19. Suppose 29 - 71 = -4*p + 2*i, 5 = -5*i. Let h be x(p). What are the prime factors of (h - -1) + (-12)/4?
3
Let a = 1 - 2. Let k be 3 + (2 - 4) + a. Suppose k = -0*g + 6*g - 24. What are the prime factors of g?
2
Let d = -22 - -20. List the prime factors of 2 - -107*(0 + 3 + d).
109
List the prime factors of (2/3)/(12/7506).
3, 139
Let h(o) = -8*o**3 + 6*o**3 + o**3 + o - 4*o**2. Let f(w) = -6*w**2 + 2*w - 1. Let j be f(1). What are the prime factors of h(j)?
2, 5
Suppose 0 = -5*q + 258 + 2. Suppose 3*o + f - 38 = 0, -5*o = -o + f - q. What are the prime factors of o?
2, 7
Suppose 36*l + 1005 = 51*l. Let t(a) = 20*a**2 + 1. Let m be t(1). Let k = l - m. What are the prime factors of k?
2, 23
Let i be 4*-4*10/(-20). Let k be (38/8 - 4)*i. What are the prime factors of (k - 3)/1*13?
3, 13
Suppose 17*y = 15*y + 46. Suppose y = n - 20. Let j = -16 + n. What are the prime factors of j?
3
Let m be (-9)/(-3) - (-3)/(-3). Let r(t) = -3*t + 1 + m + 9. What are the prime factors of r(3)?
3
Suppose 5*